et x be (-52)/z - (-2)/(-5). Calculate the highest common factor of x and 4.
2
Let v = -15 - -49. Let i = 49 - v. Suppose 0 = 2*a - i - 15. What is the greatest common factor of a and 6?
3
Let j be (-2)/(-4) + (-71)/(-2). Calculate the greatest common factor of 54 and j.
18
Let x(v) be the first derivative of v**4/4 + v**3/3 - v**2/2 + 1. Let c be x(2). Let t = 65 - -45. Calculate the greatest common factor of c and t.
10
Suppose 26 = 2*f - 2*m, -f - 5*m = -3*f + 41. Let s be 4/(f/(-2)) + 8. What is the highest common divisor of 35 and s?
7
Suppose 0 = -4*a - 4*j - 0 + 4, 0 = 4*j + 16. Suppose 0 = -g + 2, -a*g + 66 = 2*t - 32. Calculate the greatest common divisor of 66 and t.
22
Let z(g) = 3*g**2 - 5*g + 2. Let p be z(5). Calculate the greatest common factor of 13 and p.
13
Let n be (-2)/10*75/(-15). What is the highest common factor of 4 and n?
1
Let v be (-3 - (-7)/2)*46. Calculate the greatest common factor of 46 and v.
23
Let p(t) be the first derivative of t**4/2 - t**3 + 2*t**2 - 3*t - 9. Let y be p(2). What is the greatest common divisor of y and 9?
9
Suppose x = 3*x - 32. What is the highest common divisor of 8 and x?
8
Let s(a) = -a**2 - 18*a + 32. Let o be s(-18). What is the highest common factor of o and 96?
32
Let b(y) = 8*y. Let x be b(2). Suppose -128 = 2*i - 3*i. What is the highest common divisor of i and x?
16
Suppose -c = 2*c. Suppose 8 = -2*r - c*r, -3*u + 56 = r. Calculate the greatest common divisor of 220 and u.
20
Let i be ((-3)/2)/(12/(-32)). Suppose -3*n + 102 = r, 0*r + 4*r + i*n = 432. Suppose 5*q - r = 289. What is the highest common divisor of 10 and q?
10
Suppose 0 = -2*j + m + 14, 4*j + 1 = m + 27. Suppose -y = 2*y + j. Let o be -1 + (y - (0 - 51)). What is the highest common divisor of o and 6?
6
Let t(q) = 4*q**3 + q**2 + 2*q - 1. Let z be t(2). Let r = 25 + z. What is the greatest common divisor of 16 and r?
16
Let w = -11 + 43. Suppose 3*s + 2*i = 25, 0*i + 4*i - w = -4*s. Calculate the highest common divisor of s and 36.
9
Let t(l) = 20*l + 1. Let x be t(-2). Let k be 4/(x/(-18) - 2). What is the highest common divisor of 216 and k?
24
Let l be (-104)/(-10) + (-2)/5. Let d(n) = 12*n - 18. Let a be d(9). What is the greatest common factor of l and a?
10
Let q = -8 - -17. Let c = q + -5. What is the greatest common factor of 4 and c?
4
Let s = -47 - -152. Calculate the greatest common factor of 15 and s.
15
Let t be (2/3)/(3/(-9)) + 42. What is the highest common divisor of 4 and t?
4
Let b(u) = -2*u**3 - u**2 - 4*u - 2. Let g be b(-3). Suppose -l = 4*l - g. Let n = 9 - -46. Calculate the greatest common divisor of n and l.
11
Let j = -2 + 3. Let h be j + -70 + (-1 - 0). Let d = -46 - h. What is the highest common divisor of d and 6?
6
Let c(n) = -n**3 + 5*n**2 - 3*n - 4. Let x be c(4). Suppose x = g + u - 8, -g = -5*u - 11 - 9. Calculate the highest common divisor of 4 and g.
2
Suppose -3*v + 1 = -2*v. Suppose -4*c = -0*c - 4. Calculate the highest common divisor of v and c.
1
Let z be 1 + 2 - (-15 + -8). Calculate the highest common divisor of 13 and z.
13
Suppose t = 2*j + 12, j = 3*t - j - 16. Let m(z) = z**2 - 8*z + 8. Let v be m(7). What is the highest common factor of v and t?
1
Let a(s) = -s + 17. Let k be a(7). Calculate the greatest common divisor of k and 30.
10
Let s be 1*3 + 49 + -10. Calculate the highest common factor of 21 and s.
21
Let i = 44 - 26. Calculate the greatest common divisor of i and 90.
18
Let w = 9 + -9. Suppose w = -5*o + 70 + 130. Calculate the highest common factor of o and 10.
10
Suppose 2*a - 60 = -2*d + 7*a, -64 = -2*d + 4*a. Suppose 15*j = 7*j + 480. What is the highest common divisor of d and j?
20
Suppose -93 = 5*o - 1078. Let q = o - 141. What is the greatest common divisor of q and 7?
7
Let r be (-10)/45 + (-724)/(-18). Let y(k) = k - 5. Let l be y(7). Suppose l*o = -4*z + 48, 2*o + 2 + 0 = z. What is the greatest common factor of r and z?
10
Let j(h) = 3*h**2 - 10*h + 17. Let z be j(3). What is the highest common factor of 126 and z?
14
Suppose 4*d = g - 13, -2*g = d + 8 - 25. What is the greatest common divisor of g and 63?
9
Suppose 0 = -v + 153 + 21. Suppose 4*b - 333 = -5*h, -v = -b - b - 4*h. What is the greatest common factor of 7 and b?
7
Let l = -144 - 14. Let p = 92 + l. Let w = 171 + p. Calculate the highest common factor of 15 and w.
15
Let s = 17 + -13. Let k be (0/3)/(4 - 2). Let m be (32 - k) + (-1 - -1). What is the greatest common factor of s and m?
4
Let a = 132 - 57. Suppose 2*p + 3 - 63 = 0. Calculate the greatest common divisor of p and a.
15
Let v(a) = 3*a**2 - 4*a + 2. Let z be ((-8)/(-12))/(4/18). Suppose -z*i + 9 = 3. Let o be v(i). Calculate the highest common factor of 15 and o.
3
Let l = 3 - -3. Calculate the highest common divisor of 1 and l.
1
Suppose -8*j - 66 = -11*j. Calculate the highest common divisor of 55 and j.
11
Let q = -29 + 48. Let l = 21 + q. Suppose 9 = j + 1. Calculate the greatest common divisor of j and l.
8
Suppose 3*n - 21 = -0*n. Suppose -3*z = 2*d - 10, -n*z + 5*d - 25 = -2*z. Suppose z = y - 2 - 9. What is the highest common factor of y and 121?
11
Suppose 10*r = 3*r + 455. What is the greatest common factor of 13 and r?
13
Let b be (16/4 - 6) + 4. Let g be (-2)/6 - (-122)/6. Suppose 0 = -0*s - 2*s + g. Calculate the highest common factor of b and s.
2
Let u(d) = d**3 + d**2 + 16 + 0*d - d + 0*d**3 + 0*d**3. Let r be u(0). Let l be (-31)/(-4) - 3/(-12). What is the greatest common factor of l and r?
8
Let i = -16 - -38. Calculate the greatest common divisor of i and 176.
22
Suppose 3*f - 37 = -2*q, f + 3*q + 57 = 4*f. What is the greatest common divisor of 5 and f?
5
Suppose -7*v + 2*v = 0. Suppose v = -z - 0*z + 30. Calculate the highest common factor of z and 12.
6
Let s(q) = -q - 5. Let n be s(-6). Let r(f) = 10*f - 1. Let t be r(n). Suppose 2*u - 46 = -j + u, u = 4*j - 179. What is the greatest common divisor of t and j?
9
Suppose 0 = 4*j + 4*q + 8, -3*j + 3*q = -18. What is the greatest common divisor of 2 and j?
2
Let q(a) = -6 + 3*a - 7 + 2 + 8*a. Let p be q(8). What is the highest common divisor of 7 and p?
7
Suppose 10 = -3*m - 2*w + 405, -262 = -2*m - w. Suppose m - 34 = 5*c. What is the greatest common factor of c and 76?
19
Suppose 5*s + 61 = 3*g - 162, -s = -5*g + 379. Suppose -a - g = -5*m, -m - 2*a - 32 = -3*m. Calculate the highest common factor of 120 and m.
15
Suppose 4*f - 4*q - 1532 = 0, -3*f - 2*q + 4*q + 1144 = 0. Suppose 0 = -4*m + f - 98. What is the greatest common divisor of m and 10?
10
Suppose 0*o = -o - 2*y + 48, 5*o - 4*y = 296. What is the greatest common factor of 8 and o?
8
Let u be (9/(27/(-2)))/((-3)/63). What is the greatest common divisor of u and 98?
14
Suppose 0 = -6*t + 5*t + 3. Suppose -t*x + 13 = -2*x. Calculate the greatest common divisor of 91 and x.
13
Suppose -10*i - 100 = -15*i. Calculate the greatest common divisor of 60 and i.
20
Let r(c) = -30*c - 4. Let v be r(-6). Let i be 185/5*(3 - 2). Suppose 3*u - 11 = i. Calculate the highest common factor of v and u.
16
Let a = 18 - 14. Calculate the highest common divisor of 2 and a.
2
Let m be (-1)/3*(12 + -144). Calculate the greatest common factor of m and 220.
44
Let u(v) = -11*v - 2 + 2*v + 1 + 2*v. Let c be u(-1). Let a = 26 + 40. What is the highest common divisor of a and c?
6
Let z(w) = w**2 - 8*w + 4. Let a be z(8). Let y = -6 - a. Let k be y*(1 - 26/5). Calculate the greatest common divisor of 6 and k.
6
Let d(b) = -b**2 + 5*b - 1. Suppose 3*g - 7 - 5 = 0. Let z be d(g). Let f be (-3 - 0)/(3/(-6)). What is the highest common factor of z and f?
3
Let c = 141 + -140. What is the highest common factor of 8 and c?
1
Let r(c) = 11*c - 22. Let i be r(7). Calculate the highest common divisor of 22 and i.
11
Let s(y) = y**3 + 2*y**2 - 5*y + 7. Let p be s(-5). Suppose -187 = -4*b + 57. Let f = b + p. Calculate the greatest common divisor of f and 9.
9
Let n = 16 - 10. Let f be 1 - (-8 - (n + -3)). What is the greatest common factor of 84 and f?
12
Suppose -925 = -4*k + 119. Calculate the highest common divisor of 29 and k.
29
Suppose -7*u + 3*u - 20 = 0. Let b = u - -50. Let n = 72 - b. Calculate the highest common divisor of n and 18.
9
Let x = -1 - 0. Let r be (-3)/5 + 120/(-50). Let b = x - r. Calculate the highest 